t = 24. Let x(s) = -18 + s**2 + 7 - t*s + 7. Calculate x(7).
3
Let j(h) be the first derivative of 2*h**3/3 - 42. Calculate j(4).
32
Let j(y) = -y**3 + 4*y**2 - 3*y. Let p be j(2). Suppose -p*k + n + 20 = 5*n, 2*k - 4*n = -4. Let a(g) = g**3 - 4*g**2 + 3. What is a(k)?
3
Let z(b) = 9*b**2 - 11*b - 9. Let i(o) = 20*o**2 - 22*o - 19. Let j(l) = 4*i(l) - 9*z(l). Give j(6).
35
Suppose 114 = -62*c - 52*c. Let q(k) = -19*k**2 - 2*k - 1. Calculate q(c).
-18
Let o(g) be the third derivative of -g**4/12 + g**3 - 2*g**2. Let r(u) = u**2 + 14*u + 4. Let a be r(-13). Let f = -5 - a. Give o(f).
-2
Let f(z) = z. Let u(x) = -2*x - 1. Let q(j) = 6*f(j) + 4*u(j). Let y be (-9)/135*6*(12 - 2). Calculate q(y).
4
Let s(g) = g**2 - 22*g + 21. Let i be s(21). Suppose 11*t + 6 + 5 = i. Let r(h) = 7*h**3 + 2*h + 1. Calculate r(t).
-8
Let k = 52 - 28. Suppose 3*o - 7*o - k = 0. Let h(y) = -y**3 - 7*y**2 - 5*y - 5. Give h(o).
-11
Suppose -v - 2*v - z - 12 = 0, 12 = -v - 3*z. Suppose -51*g - 21 = -44*g. Let y = v - g. Let q(m) = -m**2 + m + 14. Determine q(y).
14
Let a(j) = 7*j**2 + 9*j + 7. Let g(p) = 16*p**2 + 18*p + 15. Let w(n) = -7*a(n) + 3*g(n). Give w(-7).
10
Suppose 5*w = -2*q + q + 13, w - 25 = -3*q. Suppose -q - 12 = 4*n. Let l(p) be the first derivative of -p**4/4 - 5*p**3/3 + 3*p + 2. What is l(n)?
3
Let m(y) = -3*y**2 + 4*y - 3. Suppose -3 - 7 = -2*d. Let b(s) = -2*s**2 + 4 - 3*s - 2*s + 2*s**2 + 4*s**2. Let l(g) = d*m(g) + 4*b(g). Calculate l(0).
1
Let j(z) = z**3 + 19*z**2 + 17*z - 10. Let x be j(-18). Let c(k) = -k**2 + 4*k + 7. Give c(x).
-25
Suppose -6 = -2*r + g, 3*g + 2*g - 20 = 0. Suppose -c = 5, 0*c = -l - r*c - 20. Let t(h) = -13 - 14 + 30 + 0*h - h. Determine t(l).
-2
Let i(k) = -5*k**2 - 2*k. Let d be ((-98)/147)/((-4)/6)*-2. Give i(d).
-16
Let w(c) = -4*c**3 + c**2 - c. Let s(i) = i**3 - 3*i**2 + i - 2. Suppose -z = -2*z + 7. Suppose u + z = 5*r - 2*r, 3 = 3*r - 3*u. Let x be s(r). What is w(x)?
-4
Let i(z) = z**3 - 4*z**2 - 2*z + 2. Suppose 0 = c - 3, -3*c = -p - c - 9. Let m(j) = 2*j**3 - 9*j**2 - 3*j + 4. Let v(q) = p*m(q) + 5*i(q). Determine v(6).
28
Let t(x) = -3*x - 7*x**2 + 29 + 5*x**3 - 14 + 6*x**2 - 14. Give t(2).
31
Let g(l) = -5*l**2 - 2. Suppose 4*y + 3*c = 23, -c + 0 = -5. Determine g(y).
-22
Suppose -3 = 3*n + 3. Let a be (2 + n)/(1 + 0). Let d(y) = -1261 + 430 + 412 + y**3 + y**2 + 423 + y. Give d(a).
4
Let z = 11 - 7. Suppose 3*y + 1 - z = 0. Let l(a) = 12*a - 1 + 3*a**2 - 3*a**2 - 10*a + 2*a**2. Calculate l(y).
3
Let h(d) = d**3 + 4*d**2 - 5*d - 4. Let z(f) = -30*f + 356. Let s be z(12). What is h(s)?
16
Let s(v) = v**3 + 4*v**2 + v. Let f be 26/(-8) + (-5)/(-24 + 4). Determine s(f).
6
Let w(x) = -x**2 - 3*x - 3. Let l(v) be the second derivative of -v**4/4 + v**3/6 + v**2/2 + 3*v. Let h = 2 + -3. Let a be l(h). Determine w(a).
-3
Let k = 1064 - 1069. Let x(s) = 14 + s - 7 - 4*s. Determine x(k).
22
Let p be 4/3*(-3)/2. Let a(i) = -3*i**2 + 5*i + 3. Let l(w) = -4*w**2 + 7*w + 4. Let k(s) = 7*a(s) - 5*l(s). Calculate k(p).
-3
Suppose 5 = h - 5*b - 3, -4*b = 4. Let m(j) be the first derivative of 1 + 0*j**2 + 2/3*j**h + 3*j + 1/4*j**4. Determine m(-3).
-6
Let q(f) be the third derivative of 0*f**4 + 0*f + 1/120*f**6 + 0 - 2/3*f**3 - 17*f**2 + 1/15*f**5. What is q(-3)?
5
Let i be (6 + -2)/(6/(-9)). Let v(c) = -2*c. Determine v(i).
12
Let z(i) = 5*i + 7*i + 7 - 13 - 2*i - 8*i. Calculate z(0).
-6
Let y = -1 + 3. Suppose -9 = -a - y*a. Let x(q) = 0*q + 2*q - 6*q - 4 + a*q. Calculate x(-6).
2
Let a(d) = 8*d**3 + 4*d**2 - 13*d. Let u(j) = -2*j**3 - j**2 + 3*j. Let g(q) = 2*a(q) + 9*u(q). Let n be (35/(-10) + 4)/(1/112). Let s = n + -58. What is g(s)?
10
Let u(t) = -7*t + 4. Let k(n) = n**2 - n. Let b be k(-1). Let w be (1 - -5)*3/12*b. Calculate u(w).
-17
Let j be (-4 - -7) + 0 - -11. Let g = -10 + j. Let s(o) = -o**2 + 4*o - 3. What is s(g)?
-3
Let t(l) = -l**2 - l - 8. Let h(n) = -n**2 - 4*n + 18. Let y be h(-8). Let d be (-20)/70 + -2 + (-32)/y. Calculate t(d).
-8
Let b(u) = u**2 + 12*u**2 + 3*u - u - 1. Let z be ((-2)/(-8))/(3/48*4). Calculate b(z).
14
Let f(k) = k + 266 - 550 + 274. Give f(14).
4
Let c(p) = p**3 - 6*p**2 + 3*p + 2. Let w(k) be the second derivative of k**4/12 + k**3/6 + 3*k**2/2 + 3*k. Let g be w(-2). Determine c(g).
-8
Suppose 0 = 4*q - 2*g - 10, 3*g + 2 = -3*q + 5. Let t(z) = z**q - 4*z**2 + 0*z**2. Let o(c) = 154*c + 2003. Let y be o(-13). Calculate t(y).
-3
Let n(b) = -b**2 + b - 5. Suppose 0 = -3*y + 4*y - 5. Let q(d) = -d**2 + d - 7. Let z(c) = y*q(c) - 7*n(c). Calculate z(-2).
12
Let k(t) = t + 8. Suppose -253*v - 48 = -259*v. Calculate k(v).
16
Let w(f) = -f**2 - 3*f + 1. Let o(s) = -s**3 + 11*s**2 + 21*s - 9. Let y(x) = -o(x) - 5*w(x). Give y(4).
-52
Let t(a) = -a**3 + 7*a**2 + a - 1. Suppose 7*w + 14 = 9*w. Determine t(w).
6
Let z(s) = -s - 1. Let r(a) = 15 - 9 + 3*a - 4*a. Let c(n) = r(n) - 3*z(n). Calculate c(-6).
-3
Let m(j) be the second derivative of j**4/12 + 13*j**3/6 + 3*j**2/2 + 619*j. Give m(-10).
-27
Let t be (4/4)/(2/6). Let v(o) = 2*o + 4*o - 3*o**2 - t*o. Determine v(3).
-18
Let s(n) be the third derivative of 0 - n**2 - 4/3*n**3 + 1/24*n**4 + 0*n. Let f be (2 - 2) + -3 - -8. What is s(f)?
-3
Let h(p) = -106*p - 2. Let b be h(-13). Let w be b/256 - (-3)/(-8). Let l(y) = y**2 - 3*y - 1. Determine l(w).
9
Let i(d) = -d**2 + 5*d + 7. Let g(a) = -a**3 + 10*a**2 + 10*a + 12. Let u be g(11). Let k = u - 2. Let r be 28/6 - k/3. Calculate i(r).
7
Suppose -2*v = 4*k + 6, 2*v + 6 = -5*k + 4*k. Let y(f) = -f**2 - f. Let l be y(0). Let u(h) = l + h + 2 + h**3 + 0. Give u(k).
2
Let g(p) = p**2 - 9*p - 10. Let x be g(10). Let c(q) = 14 - q + 8 - 4. What is c(x)?
18
Let o(k) = -4*k + 5. Suppose 4*r = -a + 2, -5*a - 19*r + 24*r = 40. Give o(a).
29
Let f(j) be the second derivative of 4*j**3/3 + 2*j**2 + 139*j. Determine f(0).
4
Let f(j) = 10 + 130*j**2 + 9*j - 151*j**2 + 20*j**2. Suppose -a + 2 = -7. What is f(a)?
10
Let w(a) = a**2 - 8*a - 8. Let t = 265 + -257. What is w(t)?
-8
Let b(f) = f**2 + 4*f - 1. Suppose 0 = 2*j + 1 + 9. Let h be (9/(-4))/(6*(-4)/(-96)). Let d = h - j. Determine b(d).
-1
Let h(z) = z + 2. Let d(c) = 3*c - 22. Let p(y) = d(y) - 4*h(y). Give p(-22).
-8
Let n(b) = -2*b + 1. Let h(j) = 12 + j + 21 + 9 - 62. Let c be h(26). Calculate n(c).
-11
Let c(s) = -4 - 739*s**2 + 740*s**2 - 5 + 4 + s - 4. Let f(y) = y**3 - y**2 - y + 1. Let g be f(1). What is c(g)?
-9
Let m = -44 - -17. Let x = -24 - m. Let u be x/2 + (-9)/18. Let z(p) = -4*p**2 + 2*p - 1. Determine z(u).
-3
Let s(j) = j**2 - 4*j - 1. Let q(y) = y - 5. Let h be q(9). Suppose 0 = 2*d + 4, 8 = h*k + d - 2. Let v be (-15)/k*1/(-1). What is s(v)?
4
Let g(b) = 3 - 4*b**2 + 6*b**3 - 3 - 7*b**3 - 3*b - 2 - 1. Calculate g(-5).
37
Let d(t) = 21*t**3 - 2 - 3*t**2 - 20*t**3 + 6. Determine d(3).
4
Let k = -11 + 24. Suppose 2*q + k = 7. Let j(o) = o**3 + 2*o**2 - 3*o - 1. Determine j(q).
-1
Let u(n) = n + 2. Let y be u(-2). Let l = 5 - y. Let r(g) be the first derivative of 3*g**2/2 - 7*g - 13. Give r(l).
8
Suppose 0 = -p + 6 - 1. Suppose 5*h = 6*h - 1. Suppose c + h = -p. Let j(w) = w + 4. Calculate j(c).
-2
Let m(f) = f**3 - 13*f**2 - 3*f - 13. Suppose -28*v + 31*v - 2*d = 43, -4*d - 34 = -2*v. Determine m(v).
-52
Let w be 1/2*12/2. Let j(f) = -6*f**2 - 5*f**2 + 8*f**2 + 4 + f - f**w. What is j(-3)?
1
Let p(v) = -v**2 - 8*v + 7. Suppose -14*o = -11*o - 45. Suppose -14*c = -o*c - 6. What is p(c)?
19
Let g be 6*1*1/2. Suppose -4*y = -2*l + 12, y = l + g*y + 10. Let j(z) = 2 + 3 + 2*z**2 - 3 - 1374*z**3 + 1376*z**3. What is j(l)?
-6
Let n be 0/(-3)*9/(-18). Let b(r) = r + 14. Give b(n).
14
Let r(d) = -d**3 - 8*d**2 - d - 9. Let x(k) = -4*k**3 - 32*k**2 - 4*k - 36. Let l(g) = 9*r(g) - 2*x(g). Give l(-8).
-1
Let n be (38/(-6))/(((-4)/3)/4). Let g(r) = -2*r + 44. Give g(n).
6
Suppose -4*u + 48 = -4*s, 152*u - s + 2 = 153*u. Let n(j) = j**2 + 2*j - 1. What is n(u)?
62
Let q(t) be the first derivative of -1 - 1/3*t**3 + 0*t + 5/2*t**4 + 0*t**2. Let n = 19 - 20. Calculate q(n).
-11
Let l(j) = 2*j**2 + 15 + 0*j**2 + 11*j - j**2. Let v be l(-10). Suppose -5*c - t - 2*t = 5, -4*c - 4 = v*t. Let g(s) = -s**2 + 1. Calculate g(c).
0
Suppose 3*z + 3*b + 9 = 0, -b = 2*z - 4*b + 1. Let f(w) = -w**2 + 3*w + 3. Calculate f(z).
-7
Suppose 0 = 3*z - 2*z - 